 = 2*l. What is the units digit of l?
1
Let d = 21 - 37. What is the tens digit of (d/(-5))/((-5)/(-25))?
1
Suppose 2*k + 0*k - 33 = -5*x, 2*x - 17 = 3*k. Let n(t) = -45*t + 5. Let u be n(x). What is the units digit of u/(-35) + 2/14?
9
Let z(v) = -2*v**2 - 12*v. Let c be z(-5). Let o(b) = b**3 - 10*b**2 + b + 2. What is the units digit of o(c)?
2
Suppose -2*g + g + 1 = 0. Let q = -2 + 3. Suppose -2*f = -f + o + g, -o + q = 2*f. What is the units digit of f?
2
Suppose 3*i - 2*i = 28. Suppose 2*c + 5*f = i, -6*c + c - 2*f + 49 = 0. Suppose -2*t + 4*w + 26 = 0, 3*t - 15 = w + c. What is the units digit of t?
7
Suppose -4*p = -5*r + 15, 2*p + 11 = 2*r - 3*r. What is the units digit of -50*(7/(-5) - r)?
0
Suppose 0 = 5*v - u + 50, 10*v - 3*u = 5*v - 50. Let x = 28 + v. What is the units digit of x?
8
Let h(w) = -w**2 + 21*w - 10. What is the units digit of h(15)?
0
Suppose u + 3*y = 5*y + 9, 3 = -4*u - 5*y. Let p = u - -2. Suppose -9 - 26 = -p*r. What is the units digit of r?
7
Let b(m) = -m**3 - 9*m**2 + m + 10. Let t(n) = n**3 - 4*n**2 - 2*n - 1. Let j be t(4). What is the units digit of b(j)?
1
Let c = -14 + 25. Let x = 7 - c. What is the units digit of (8/(-10))/(x/10)?
2
Let k(x) = x**2 + 4*x + 4. Let h be k(-4). Let v = h + 2. What is the units digit of v?
6
Let q be (2 - 23 - 1) + 2. Let p be (-5)/q - 95/(-4). Suppose 0 = -3*a - 3*x + p, 3*a - 2*x + 0*x + 1 = 0. What is the units digit of a?
3
Let q = -1 + 4. Let s(w) = w**3 + 8*w**2 - 2. Let t be s(-8). Let p = q + t. What is the units digit of p?
1
Suppose 0 = r - 2 - 16. Let h = 5 + r. What is the units digit of h?
3
Suppose -2*u + 5*f - 9 = 0, 3*u - 39 = -7*f + 4*f. What is the units digit of u?
8
Let h(j) = -7*j + 7. What is the units digit of h(-9)?
0
Suppose -3*s + 40 = 5*l, -l = -5*l + 5*s + 32. What is the units digit of l?
8
Let q be 0/(-2) - 0/(-3). Suppose -1 = i - q. Let s = i - -2. What is the units digit of s?
1
Suppose -q = -4*q + 5*h + 601, 0 = q + 3*h - 177. What is the hundreds digit of q?
1
What is the units digit of (-1398)/(-27) + 8/36?
2
Let h = 3 - 0. Suppose 4*g = h*g. Suppose g = -x + 2 - 0. What is the units digit of x?
2
Suppose -3*u + 0*u = -24. Let g = 2 + u. What is the units digit of g?
0
Suppose -2*n + 4 - 2 = 0. What is the units digit of n?
1
Let l(y) = -y**3 + 5*y**2 + 6*y - 5. Let k be l(6). What is the units digit of (-15)/k - -1*3?
6
Let n = -6 + 8. Suppose 0 = n*r - 0*r + 2. What is the units digit of (1 - r)/(4/14)?
7
Suppose 0*c = 2*c + 3*p - 45, 4*p = 12. What is the units digit of c?
8
Let k(o) = o**2 + 0 - 2*o**2 + 1 + 4 + 5*o. What is the units digit of k(5)?
5
Let w = 174 + 6. What is the hundreds digit of w?
1
Let s(c) = 53*c**3 + 3*c - 3. What is the tens digit of s(1)?
5
Suppose 4*c = -7 + 19. Suppose -c*g - 5*l + 10*l = -116, 3*g = 3*l + 120. What is the tens digit of g?
4
Let w = -8 - 0. Let a be w/(-32) + (-66)/8. Let v = a - -15. What is the units digit of v?
7
Suppose 3*v - 5*v + 246 = 0. What is the units digit of v?
3
Suppose 2 - 8 = 2*j. What is the units digit of 3 + j*6/(-3)?
9
Let z(i) = i**2 + 5*i - 4. Let g be z(-7). What is the units digit of (2/5)/(g/300)?
2
Suppose -5 = -5*p + 2*d, 3*p + 11 = -0*d + 4*d. Let g(i) = p - 4 + 10*i - 7*i. What is the units digit of g(3)?
8
Let g(x) = -x**3 - 7*x**2 + 8*x - 10. Let a be g(-9). Suppose 0 = -4*h - 5*c + a, 4*h + c - 92 = -c. What is the units digit of h?
5
Let g = 70 - 39. What is the tens digit of g?
3
Let t = -6 - -20. Let o = -1 + t. Let q = o + -8. What is the units digit of q?
5
Suppose -3*m - 28 = -91. Suppose -k = -4*k + m. What is the units digit of k?
7
Let s(i) = i**2 + 2*i + 2. Let y be s(-3). Suppose 0 = -0*n + y*n + 60. What is the units digit of n/(-54) - 158/(-18)?
9
Let h = -15 + 7. Let v(f) = f**3 + 7*f**2 - 9*f. Let m be v(h). What is the units digit of (m - -1 - -2) + 0?
1
Let q = -3 - 2. Let c be (-4)/10 - 17/q. What is the units digit of (c/(-9))/((-1)/3)?
1
Suppose c = -5 + 25. What is the tens digit of c?
2
Let x = -6 - -9. Let i be (-22)/(-8) - x/(-12). Suppose j - 16 = -3*f, 2*j - 12 = -i*f + 5. What is the units digit of f?
5
Let k(o) = 4*o - 57. What is the tens digit of k(21)?
2
Let d(y) = y - 6. Let z(m) = m**3 - 10*m**2 - 11*m + 10. Let h be z(11). What is the units digit of d(h)?
4
Suppose -20*n = -17*n - 69. Let v be (-4 - -2)/(-2)*15. Suppose 5*t - n - v = 4*y, -5*t + 65 = 5*y. What is the units digit of t?
0
Let a(n) = n**3 - n**2 + 2. Let y be a(0). Suppose 2*j + 5*r + 5 = j, 5*r = -y*j - 5. Let c = j - -2. What is the units digit of c?
2
Suppose -40 = -3*a - 4. What is the units digit of a?
2
Let g(j) = 8*j + 4. What is the units digit of g(13)?
8
Let a = 36 - 23. What is the tens digit of a?
1
Let t(v) = v - 6. Let k be t(9). Let a(l) = 2 - k*l + 1 - 7 - l**2 - 6*l. What is the tens digit of a(-5)?
1
Let n(q) = -2*q**3 + 35*q**2 + 25*q - 12. What is the tens digit of n(18)?
1
Suppose 30*i + 40 = 32*i. Suppose 0 = -g + 3*q + i, -4*q + 2*q = g - 25. What is the units digit of g?
3
Suppose j + j - 43 = 5*w, 25 = 5*j + 4*w. What is the units digit of (-2 - -14)*3/j?
4
Let b = 0 - 1. What is the units digit of (-5 + 3 + b)*-3?
9
Let j = 118 + -57. What is the tens digit of j?
6
Let t(y) = -y**3 - 3*y**2 - 2*y + 3. Let v(s) = s - 1. Let b be v(1). Suppose b*a + 3 = -a. What is the units digit of t(a)?
9
Let d(p) = -19*p + 1. Let r be d(-2). Let u = 74 - r. Let v = -21 + u. What is the units digit of v?
4
Suppose 0 = 2*z, 2*z + 106 = 2*c - 0*z. What is the tens digit of c?
5
Let i(n) = n**3 + 7*n**2 - 9*n - 2. Let u(p) = -p**2 + 8*p + 1. Let y be u(9). What is the units digit of i(y)?
6
Let b = -60 + 89. What is the tens digit of b?
2
Let h = -2 + 7. Suppose -3*l = h*x - 4*l - 81, -l = -4*x + 65. Let o = x - 7. What is the units digit of o?
9
Let g(k) = 17*k - k + 0*k - 10 - k**2. Let l be g(8). Suppose 3*w = -w + 4, w + l = 5*p. What is the units digit of p?
1
Let f = 7 - 7. Suppose 0 = -f*p - 3*p. What is the tens digit of p/(2 - 5) + 13?
1
Let o be (-218)/(-8)*(0 + -4). Let m = -63 - o. Let k = m - 32. What is the tens digit of k?
1
What is the units digit of (5 - 174/24)/((-1)/4)?
9
Suppose n - 9 = -2*n. Suppose 0*m + n = m. What is the units digit of m?
3
Let s(y) = -y - 5. Let i be s(-5). Suppose -2*u - 2*u - 3*h = i, 0 = -5*u - 4*h. Suppose -5*b + 5 = -u. What is the units digit of b?
1
Let o(i) = 36*i**2 - 8*i + 3. What is the hundreds digit of o(2)?
1
Let g = 24 + -20. What is the units digit of g?
4
Let y(v) = -v**2 + 5*v + 7. Let f be y(5). Suppose 5*a - n = f, 1 = -a + n + 4. What is the tens digit of -2 + 17 + (1 - a)?
1
Let p(u) = u**2 - 5*u - 1. Let k be p(5). Let i = k + 1. Suppose b - 2 - 5 = i. What is the units digit of b?
7
Suppose -k + 4*r + 12 = 2*k, -5*r - 15 = 0. Suppose k = -5*a + c + 18, a - c + 12 = -6*c. Suppose a + 3 = g. What is the units digit of g?
6
Suppose c = 4 + 4. Suppose -3*m + 0*b = -3*b - 24, c = m - 3*b. What is the units digit of (-5)/(-4) - 2/m?
1
Suppose -375 = -10*n + 5*n. What is the units digit of n?
5
Suppose 7*r - 3*r = 148. What is the tens digit of r?
3
Let v(u) = 2*u**3 - 2*u**2 - 2*u. Let r be v(-2). What is the units digit of 4/r - (-32)/10?
3
Suppose -10*f - 2*z + 83 = -7*f, -2*f - z + 56 = 0. What is the units digit of f?
9
Suppose 0 = -l + 4*l + 2*z + 52, -4*l - 5*z - 60 = 0. Let n = l + 51. What is the tens digit of n?
3
What is the units digit of (-7 - 1)*(-4)/((-32)/(-6))?
6
Suppose -4*g + d + 134 = -2*g, -g = 4*d - 58. What is the tens digit of g?
6
Let k be 5*(-1)/(-1) + 0. Suppose -2 = -j, -k*b - 3 = -4*b - 3*j. Suppose -6 = -0*m - b*m. What is the units digit of m?
2
What is the units digit of (-19 + 0)*(-10 + 4)?
4
Let y = -3 + 14. Let h = y + -7. Suppose -2*i = 3*o + 1 - 2, h*o = -4*i + 8. What is the units digit of i?
5
Let m = 533 - 318. What is the hundreds digit of m?
2
Let p be (6/(-8))/((-1)/8). Suppose 4*o - 14 = p. What is the units digit of o?
5
Suppose -449 = -5*o - 3*h - 144, 0 = -3*o - 5*h + 199. Suppose 0 = -4*v + 3*x + 111, -3*v + v = -4*x - o. What is the units digit of v?
7
Suppose 0 = -2*z + 2*f - 7 - 9, 0 = 3*z - f + 14. Let m be 5 + (9 - 0)/z. Suppose 3*j - 7*p + 7 = -2*p, -9 = -5*j - m*p. What is the units digit of j?
1
Suppose 25*r - 27*r + 44 = 0. What is the te